{"id":11242,"date":"2023-12-18T20:29:44","date_gmt":"2023-12-18T20:29:44","guid":{"rendered":"https:\/\/fhdesignstudio.com\/sites\/?page_id=11242"},"modified":"2024-02-28T23:56:36","modified_gmt":"2024-02-28T23:56:36","slug":"comite-de-sustentabilidad","status":"publish","type":"page","link":"https:\/\/fhdesignstudio.com\/sites\/comite-de-sustentabilidad\/","title":{"rendered":"Comit\u00e9 de Sustentabilidad"},"content":{"rendered":"\t\t<div data-elementor-type=\"wp-page\" data-elementor-id=\"11242\" class=\"elementor elementor-11242\" data-elementor-post-type=\"page\">\n\t\t\t\t\t\t<section class=\"elementor-section elementor-top-section elementor-element elementor-element-6024d0a elementor-section-full_width elementor-section-height-min-height elementor-section-height-default elementor-section-items-middle\" data-id=\"6024d0a\" data-element_type=\"section\" data-settings=\"{&quot;background_background&quot;:&quot;classic&quot;}\">\n\t\t\t\t\t\t<div class=\"elementor-container elementor-column-gap-no\">\n\t\t\t\t\t<div class=\"elementor-column elementor-col-100 elementor-top-column elementor-element elementor-element-45b6b67\" data-id=\"45b6b67\" data-element_type=\"column\">\n\t\t\t<div class=\"elementor-widget-wrap elementor-element-populated\">\n\t\t\t\t\t\t<div class=\"elementor-element elementor-element-ab26900 elementor-widget elementor-widget-leroux_core_section_title\" data-id=\"ab26900\" data-element_type=\"widget\" data-widget_type=\"leroux_core_section_title.default\">\n\t\t\t\t<div class=\"elementor-widget-container\">\n\t\t\t<div class=\"qodef-shortcode qodef-m  qodef-section-title qodef-alignment--center \">\n\t\t<h1 class=\"qodef-m-title\" style=\"color: #FFFFFF\">\n\t\t\t\t\tComit\u00e9 de Sustentabilidad\t\t\t<\/h1>\n\t<\/div>\n\t\t<\/div>\n\t\t\t\t<\/div>\n\t\t\t\t\t<\/div>\n\t\t<\/div>\n\t\t\t\t\t<\/div>\n\t\t<\/section>\n\t\t\t\t<section class=\"elementor-section elementor-top-section elementor-element elementor-element-fdda324 elementor-section-full_width elementor-section-height-default elementor-section-height-default\" data-id=\"fdda324\" data-element_type=\"section\">\n\t\t\t\t\t\t<div class=\"elementor-container elementor-column-gap-no\">\n\t\t\t\t\t<div class=\"elementor-column elementor-col-100 elementor-top-column elementor-element elementor-element-55a1006\" data-id=\"55a1006\" data-element_type=\"column\">\n\t\t\t<div class=\"elementor-widget-wrap elementor-element-populated\">\n\t\t\t\t\t\t<div class=\"elementor-element elementor-element-f160c22 elementor-widget__width-initial elementor-widget elementor-widget-text-editor\" data-id=\"f160c22\" data-element_type=\"widget\" data-widget_type=\"text-editor.default\">\n\t\t\t\t<div class=\"elementor-widget-container\">\n\t\t\t<style>\/*! elementor - v3.20.0 - 26-03-2024 *\/\n.elementor-widget-text-editor.elementor-drop-cap-view-stacked .elementor-drop-cap{background-color:#69727d;color:#fff}.elementor-widget-text-editor.elementor-drop-cap-view-framed .elementor-drop-cap{color:#69727d;border:3px solid;background-color:transparent}.elementor-widget-text-editor:not(.elementor-drop-cap-view-default) .elementor-drop-cap{margin-top:8px}.elementor-widget-text-editor:not(.elementor-drop-cap-view-default) .elementor-drop-cap-letter{width:1em;height:1em}.elementor-widget-text-editor .elementor-drop-cap{float:left;text-align:center;line-height:1;font-size:50px}.elementor-widget-text-editor .elementor-drop-cap-letter{display:inline-block}<\/style>\t\t\t\tSer un \u00f3rgano representativo de los grupos de inter\u00e9s prioritarios para SITES con el mandato de reforzar y monitorear el plan de 3 a\u00f1os planteado por la direcci\u00f3n de sustentabilidad. As\u00ed mismo funge como punto de encuentro para proyectar el punto de vista de los grupos de inter\u00e9s, analizar el contexto de la operaci\u00f3n y dar respuesta a los impactos, riesgos y oportunidades de la compa\u00f1\u00eda en los diferentes temas que conforman nuestra visi\u00f3n de sustentabilidad. \t\t\t\t\t\t<\/div>\n\t\t\t\t<\/div>\n\t\t\t\t\t<\/div>\n\t\t<\/div>\n\t\t\t\t\t<\/div>\n\t\t<\/section>\n\t\t\t\t<\/div>\n\t\t","protected":false},"excerpt":{"rendered":"<p>Comit\u00e9 de Sustentabilidad Ser un \u00f3rgano representativo de los grupos de inter\u00e9s prioritarios para SITES con el mandato de reforzar y monitorear el plan de 3 a\u00f1os planteado por la direcci\u00f3n de sustentabilidad. As\u00ed mismo funge como punto de encuentro para proyectar el punto de vista de los grupos de inter\u00e9s, analizar el contexto de [&hellip;]<\/p>\n","protected":false},"author":1,"featured_media":0,"parent":0,"menu_order":0,"comment_status":"closed","ping_status":"closed","template":"page-full-width.php","meta":{"footnotes":""},"class_list":["post-11242","page","type-page","status-publish","hentry"],"_links":{"self":[{"href":"https:\/\/fhdesignstudio.com\/sites\/wp-json\/wp\/v2\/pages\/11242","targetHints":{"allow":["GET"]}}],"collection":[{"href":"https:\/\/fhdesignstudio.com\/sites\/wp-json\/wp\/v2\/pages"}],"about":[{"href":"https:\/\/fhdesignstudio.com\/sites\/wp-json\/wp\/v2\/types\/page"}],"author":[{"embeddable":true,"href":"https:\/\/fhdesignstudio.com\/sites\/wp-json\/wp\/v2\/users\/1"}],"replies":[{"embeddable":true,"href":"https:\/\/fhdesignstudio.com\/sites\/wp-json\/wp\/v2\/comments?post=11242"}],"version-history":[{"count":10,"href":"https:\/\/fhdesignstudio.com\/sites\/wp-json\/wp\/v2\/pages\/11242\/revisions"}],"predecessor-version":[{"id":11688,"href":"https:\/\/fhdesignstudio.com\/sites\/wp-json\/wp\/v2\/pages\/11242\/revisions\/11688"}],"wp:attachment":[{"href":"https:\/\/fhdesignstudio.com\/sites\/wp-json\/wp\/v2\/media?parent=11242"}],"curies":[{"name":"wp","href":"https:\/\/api.w.org\/{rel}","templated":true}]}}