{"id":11239,"date":"2023-12-18T20:21:36","date_gmt":"2023-12-18T20:21:36","guid":{"rendered":"https:\/\/fhdesignstudio.com\/sites\/?page_id=11239"},"modified":"2024-03-05T23:34:27","modified_gmt":"2024-03-05T23:34:27","slug":"ods","status":"publish","type":"page","link":"https:\/\/fhdesignstudio.com\/sites\/ods\/","title":{"rendered":"ODS"},"content":{"rendered":"\t\t<div data-elementor-type=\"wp-page\" data-elementor-id=\"11239\" class=\"elementor elementor-11239\" data-elementor-post-type=\"page\">\n\t\t\t\t\t\t<section class=\"elementor-section elementor-top-section elementor-element elementor-element-d211536 elementor-section-full_width elementor-section-height-min-height qodef-elementor-content-grid elementor-section-height-default elementor-section-items-middle\" data-id=\"d211536\" data-element_type=\"section\" data-settings=\"{&quot;background_background&quot;:&quot;classic&quot;}\">\n\t\t\t\t\t\t<div class=\"elementor-container elementor-column-gap-no\">\n\t\t\t\t\t<div class=\"elementor-column elementor-col-100 elementor-top-column elementor-element elementor-element-91e21d3\" data-id=\"91e21d3\" data-element_type=\"column\">\n\t\t\t<div class=\"elementor-widget-wrap elementor-element-populated\">\n\t\t\t\t\t\t<div class=\"elementor-element elementor-element-4827f01 elementor-widget elementor-widget-leroux_core_section_title\" data-id=\"4827f01\" data-element_type=\"widget\" data-widget_type=\"leroux_core_section_title.default\">\n\t\t\t\t<div class=\"elementor-widget-container\">\n\t\t\t<div class=\"qodef-shortcode qodef-m  qodef-section-title qodef-alignment--center \">\n\t\t<h2 class=\"qodef-m-title\" style=\"color: #FFFFFF\">\n\t\t\t\t\tODS\t\t\t<\/h2>\n\t<\/div>\n\t\t<\/div>\n\t\t\t\t<\/div>\n\t\t\t\t<div class=\"elementor-element elementor-element-19d2db8 elementor-widget elementor-widget-leroux_core_section_title\" data-id=\"19d2db8\" data-element_type=\"widget\" data-widget_type=\"leroux_core_section_title.default\">\n\t\t\t\t<div class=\"elementor-widget-container\">\n\t\t\t<div class=\"qodef-shortcode qodef-m  qodef-section-title qodef-alignment--center \">\n\t\t<h4 class=\"qodef-m-title\" style=\"color: #FFFFFF\">\n\t\t\t\t\tEstamos decididos a potenciar nuestro crecimiento desde la sustentabilidad y a contribuir a los Objetivos de Desarrollo Sostenible (ODS) de las Naciones Unidas teniendo en cuenta las necesidades y expectativas de nuestros grupos de inter\u00e9s.\t\t\t<\/h4>\n\t<\/div>\n\t\t<\/div>\n\t\t\t\t<\/div>\n\t\t\t\t\t<\/div>\n\t\t<\/div>\n\t\t\t\t\t<\/div>\n\t\t<\/section>\n\t\t\t\t<section class=\"elementor-section elementor-top-section elementor-element elementor-element-09be365 elementor-section-full_width elementor-section-height-default elementor-section-height-default\" data-id=\"09be365\" data-element_type=\"section\">\n\t\t\t\t\t\t<div class=\"elementor-container elementor-column-gap-no\">\n\t\t\t\t\t<div class=\"elementor-column elementor-col-100 elementor-top-column elementor-element elementor-element-3a21819\" data-id=\"3a21819\" data-element_type=\"column\">\n\t\t\t<div class=\"elementor-widget-wrap\">\n\t\t\t\t\t\t\t<\/div>\n\t\t<\/div>\n\t\t\t\t\t<\/div>\n\t\t<\/section>\n\t\t\t\t<section class=\"elementor-section elementor-top-section elementor-element elementor-element-7f12ac0 elementor-section-full_width qodef-elementor-content-grid elementor-section-height-default elementor-section-height-default\" data-id=\"7f12ac0\" data-element_type=\"section\">\n\t\t\t\t\t\t<div class=\"elementor-container elementor-column-gap-no\">\n\t\t\t\t\t<div class=\"elementor-column elementor-col-100 elementor-top-column elementor-element elementor-element-d5833d1\" data-id=\"d5833d1\" data-element_type=\"column\">\n\t\t\t<div class=\"elementor-widget-wrap elementor-element-populated\">\n\t\t\t\t\t\t<div class=\"elementor-element elementor-element-c31ef89 elementor-widget elementor-widget-leroux_core_tabbed_info\" data-id=\"c31ef89\" data-element_type=\"widget\" data-widget_type=\"leroux_core_tabbed_info.default\">\n\t\t\t\t<div class=\"elementor-widget-container\">\n\t\t\t<div class=\"qodef-shortcode qodef-m  qodef-tabbed-info qodef-layout--standard\">\n\t\t\t<ul class=\"qodef-m-navigation\">\n\t\t\t\t\t\t\t\t\t\t\t<li>\n\t<a href=\"qodef-tab--5e362d3\">\n\t\t\tODS\t<\/a>\n<\/li>\n\t\t\t\t\t\t\t\t\t\t\t<li>\n\t<a href=\"qodef-tab--d4250b7\">\n\t\t\tODS 8\t<\/a>\n<\/li>\n\t\t\t\t\t\t\t\t\t\t\t<li>\n\t<a href=\"qodef-tab--635d2c3\">\n\t\t\tODS 9\t<\/a>\n<\/li>\n\t\t\t\t\t\t\t\t\t\t\t<li>\n\t<a href=\"qodef-tab--0c1083d\">\n\t\t\tODS 10\t<\/a>\n<\/li>\n\t\t\t\t\t\t\t\t\t\t\t<li>\n\t<a href=\"qodef-tab--1a7ecf0\">\n\t\t\tODS 13\t<\/a>\n<\/li>\n\t\t\t\t\t\t\t\t\t\t\t<li>\n\t<a href=\"qodef-tab--f8a37ff\">\n\t\t\tODS 17\t<\/a>\n<\/li>\n\t\t\t\t\t<\/ul>\n\t\t\t\t\t\t\t\t<div class=\"qodef-m-content\" id=\"qodef-tab--5e362d3\">\n\t<div class=\"qodef-m-content-inner\">\n\t\t<div class=\"qodef-m-content-left\">\n\t\t\t\t\t<\/div>\n\t\t<div class=\"qodef-m-content-right\">\n\t\t\t\t<div class=\"qodef-m-image\">\n\t\t<img fetchpriority=\"high\" decoding=\"async\" width=\"900\" height=\"898\" src=\"https:\/\/fhdesignstudio.com\/sites\/wp-content\/uploads\/2024\/01\/circulo-ods-png.jpg\" class=\"attachment-full size-full\" alt=\"\" srcset=\"https:\/\/fhdesignstudio.com\/sites\/wp-content\/uploads\/2024\/01\/circulo-ods-png.jpg 900w, https:\/\/fhdesignstudio.com\/sites\/wp-content\/uploads\/2024\/01\/circulo-ods-png-300x300.jpg 300w, https:\/\/fhdesignstudio.com\/sites\/wp-content\/uploads\/2024\/01\/circulo-ods-png-150x150.jpg 150w, https:\/\/fhdesignstudio.com\/sites\/wp-content\/uploads\/2024\/01\/circulo-ods-png-768x766.jpg 768w, https:\/\/fhdesignstudio.com\/sites\/wp-content\/uploads\/2024\/01\/circulo-ods-png-650x650.jpg 650w\" sizes=\"(max-width: 900px) 100vw, 900px\" \/>\t<\/div>\n\t\t<\/div>\n\t<\/div>\n<\/div>\n\t\t\t\t\t\t\t\t<div class=\"qodef-m-content\" id=\"qodef-tab--d4250b7\">\n\t<div class=\"qodef-m-content-inner\">\n\t\t<div class=\"qodef-m-content-left\">\n\t\t\t\t<h3 class=\"qodef-m-title\">\n\t\tTrabajo decente y crecimiento econ\u00f3mico\t<\/h3>\n\t<p class=\"qodef-e-text\">\n\t\tPromover el crecimiento econ\u00f3mico sostenido, inclusivo y sostenible, el empleo pleno y productivo y el trabajo decente para todos.\n\nIncorporamos 323 colaboradores a nuestra plantilla y les ofrecemos todas las prestaciones de ley, seg\u00fan el pa\u00eds en que operan.\n\t<\/p>\n\t\t<\/div>\n\t\t<div class=\"qodef-m-content-right\">\n\t\t\t\t<div class=\"qodef-m-image\">\n\t\t<img decoding=\"async\" width=\"1500\" height=\"1500\" src=\"https:\/\/fhdesignstudio.com\/sites\/wp-content\/uploads\/2024\/03\/ODS-8.png\" class=\"attachment-full size-full\" alt=\"\" srcset=\"https:\/\/fhdesignstudio.com\/sites\/wp-content\/uploads\/2024\/03\/ODS-8.png 1500w, https:\/\/fhdesignstudio.com\/sites\/wp-content\/uploads\/2024\/03\/ODS-8-300x300.png 300w, https:\/\/fhdesignstudio.com\/sites\/wp-content\/uploads\/2024\/03\/ODS-8-1024x1024.png 1024w, https:\/\/fhdesignstudio.com\/sites\/wp-content\/uploads\/2024\/03\/ODS-8-150x150.png 150w, https:\/\/fhdesignstudio.com\/sites\/wp-content\/uploads\/2024\/03\/ODS-8-768x768.png 768w, https:\/\/fhdesignstudio.com\/sites\/wp-content\/uploads\/2024\/03\/ODS-8-650x650.png 650w, https:\/\/fhdesignstudio.com\/sites\/wp-content\/uploads\/2024\/03\/ODS-8-1300x1300.png 1300w\" sizes=\"(max-width: 1500px) 100vw, 1500px\" \/>\t<\/div>\n\t\t<\/div>\n\t<\/div>\n<\/div>\n\t\t\t\t\t\t\t\t<div class=\"qodef-m-content\" id=\"qodef-tab--635d2c3\">\n\t<div class=\"qodef-m-content-inner\">\n\t\t<div class=\"qodef-m-content-left\">\n\t\t\t\t<h3 class=\"qodef-m-title\">\n\t\tIndustria, innovaci\u00f3n e infraestructura\t<\/h3>\n\t<p class=\"qodef-e-text\">\n\t\tConstruir infraestructuras resilientes, promover la industrializaci\u00f3n inclusiva y sostenible y fomentar la innovaci\u00f3n.\n\nTenemos un equipo de ingenieros que dise\u00f1an cada una de nuestras torres siendo innovadores y  tomando en cuenta las particularidades del lugar donde se encuentran. Esto \u00faltimo con la finalidad de incorporar pr\u00e1cticas m\u00e1s sustentables en la construcci\u00f3n de sitios y torres.\n\t<\/p>\n\t\t<\/div>\n\t\t<div class=\"qodef-m-content-right\">\n\t\t\t\t<div class=\"qodef-m-image\">\n\t\t<img decoding=\"async\" width=\"1500\" height=\"1500\" src=\"https:\/\/fhdesignstudio.com\/sites\/wp-content\/uploads\/2024\/03\/ODS-9.png\" class=\"attachment-full size-full\" alt=\"\" srcset=\"https:\/\/fhdesignstudio.com\/sites\/wp-content\/uploads\/2024\/03\/ODS-9.png 1500w, https:\/\/fhdesignstudio.com\/sites\/wp-content\/uploads\/2024\/03\/ODS-9-300x300.png 300w, https:\/\/fhdesignstudio.com\/sites\/wp-content\/uploads\/2024\/03\/ODS-9-1024x1024.png 1024w, https:\/\/fhdesignstudio.com\/sites\/wp-content\/uploads\/2024\/03\/ODS-9-150x150.png 150w, https:\/\/fhdesignstudio.com\/sites\/wp-content\/uploads\/2024\/03\/ODS-9-768x768.png 768w, https:\/\/fhdesignstudio.com\/sites\/wp-content\/uploads\/2024\/03\/ODS-9-650x650.png 650w, https:\/\/fhdesignstudio.com\/sites\/wp-content\/uploads\/2024\/03\/ODS-9-1300x1300.png 1300w\" sizes=\"(max-width: 1500px) 100vw, 1500px\" \/>\t<\/div>\n\t\t<\/div>\n\t<\/div>\n<\/div>\n\t\t\t\t\t\t\t\t<div class=\"qodef-m-content\" id=\"qodef-tab--0c1083d\">\n\t<div class=\"qodef-m-content-inner\">\n\t\t<div class=\"qodef-m-content-left\">\n\t\t\t\t<h3 class=\"qodef-m-title\">\n\t\tReducci\u00f3n de las desigualdades\t<\/h3>\n\t<p class=\"qodef-e-text\">\n\t\tReducir la desigualdad en los pa\u00edses y entre ellos. Hemos implementado programas que promueven el bienestar laboral:\n\n- Desarrollo humano\n- Salud Integral\n\t<\/p>\n\t\t<\/div>\n\t\t<div class=\"qodef-m-content-right\">\n\t\t\t\t<div class=\"qodef-m-image\">\n\t\t<img loading=\"lazy\" decoding=\"async\" width=\"1200\" height=\"1200\" src=\"https:\/\/fhdesignstudio.com\/sites\/wp-content\/uploads\/2024\/03\/ODS-10.jpg\" class=\"attachment-full size-full\" alt=\"\" srcset=\"https:\/\/fhdesignstudio.com\/sites\/wp-content\/uploads\/2024\/03\/ODS-10.jpg 1200w, https:\/\/fhdesignstudio.com\/sites\/wp-content\/uploads\/2024\/03\/ODS-10-300x300.jpg 300w, https:\/\/fhdesignstudio.com\/sites\/wp-content\/uploads\/2024\/03\/ODS-10-1024x1024.jpg 1024w, https:\/\/fhdesignstudio.com\/sites\/wp-content\/uploads\/2024\/03\/ODS-10-150x150.jpg 150w, https:\/\/fhdesignstudio.com\/sites\/wp-content\/uploads\/2024\/03\/ODS-10-768x768.jpg 768w, https:\/\/fhdesignstudio.com\/sites\/wp-content\/uploads\/2024\/03\/ODS-10-650x650.jpg 650w\" sizes=\"(max-width: 1200px) 100vw, 1200px\" \/>\t<\/div>\n\t\t<\/div>\n\t<\/div>\n<\/div>\n\t\t\t\t\t\t\t\t<div class=\"qodef-m-content\" id=\"qodef-tab--1a7ecf0\">\n\t<div class=\"qodef-m-content-inner\">\n\t\t<div class=\"qodef-m-content-left\">\n\t\t\t\t<h3 class=\"qodef-m-title\">\n\t\tAcci\u00f3n por el clima\t<\/h3>\n\t<p class=\"qodef-e-text\">\n\t\tAdoptar medidas urgentes para combatir el cambio clim\u00e1tico y sus efectos. Hemos creado e implementado una Estrategia de Cambio Clim\u00e1tico que va acompa\u00f1ada del objetivo de medici\u00f3n de todas nuestras emisiones alcance 1 y 2.\n\t<\/p>\n\t\t<\/div>\n\t\t<div class=\"qodef-m-content-right\">\n\t\t\t\t<div class=\"qodef-m-image\">\n\t\t<img loading=\"lazy\" decoding=\"async\" width=\"1200\" height=\"1200\" src=\"https:\/\/fhdesignstudio.com\/sites\/wp-content\/uploads\/2024\/03\/ODS-13.jpg\" class=\"attachment-full size-full\" alt=\"\" srcset=\"https:\/\/fhdesignstudio.com\/sites\/wp-content\/uploads\/2024\/03\/ODS-13.jpg 1200w, https:\/\/fhdesignstudio.com\/sites\/wp-content\/uploads\/2024\/03\/ODS-13-300x300.jpg 300w, https:\/\/fhdesignstudio.com\/sites\/wp-content\/uploads\/2024\/03\/ODS-13-1024x1024.jpg 1024w, https:\/\/fhdesignstudio.com\/sites\/wp-content\/uploads\/2024\/03\/ODS-13-150x150.jpg 150w, https:\/\/fhdesignstudio.com\/sites\/wp-content\/uploads\/2024\/03\/ODS-13-768x768.jpg 768w, https:\/\/fhdesignstudio.com\/sites\/wp-content\/uploads\/2024\/03\/ODS-13-650x650.jpg 650w\" sizes=\"(max-width: 1200px) 100vw, 1200px\" \/>\t<\/div>\n\t\t<\/div>\n\t<\/div>\n<\/div>\n\t\t\t\t\t\t\t\t<div class=\"qodef-m-content\" id=\"qodef-tab--f8a37ff\">\n\t<div class=\"qodef-m-content-inner\">\n\t\t<div class=\"qodef-m-content-left\">\n\t\t\t\t<h3 class=\"qodef-m-title\">\n\t\tAlianzas estrat\u00e9gicas\t<\/h3>\n\t<p class=\"qodef-e-text\">\n\t\tFortalecer alianzas con grupos de inter\u00e9s para promover el desarrollo de pol\u00edticas sostenibles y mitigar los impactos del cambio clim\u00e1tico.\n\t<\/p>\n\t\t<\/div>\n\t\t<div class=\"qodef-m-content-right\">\n\t\t\t\t<div class=\"qodef-m-image\">\n\t\t<img loading=\"lazy\" decoding=\"async\" width=\"1500\" height=\"1500\" src=\"https:\/\/fhdesignstudio.com\/sites\/wp-content\/uploads\/2024\/03\/ODS-17.png\" class=\"attachment-full size-full\" alt=\"\" srcset=\"https:\/\/fhdesignstudio.com\/sites\/wp-content\/uploads\/2024\/03\/ODS-17.png 1500w, https:\/\/fhdesignstudio.com\/sites\/wp-content\/uploads\/2024\/03\/ODS-17-300x300.png 300w, https:\/\/fhdesignstudio.com\/sites\/wp-content\/uploads\/2024\/03\/ODS-17-1024x1024.png 1024w, https:\/\/fhdesignstudio.com\/sites\/wp-content\/uploads\/2024\/03\/ODS-17-150x150.png 150w, https:\/\/fhdesignstudio.com\/sites\/wp-content\/uploads\/2024\/03\/ODS-17-768x768.png 768w, https:\/\/fhdesignstudio.com\/sites\/wp-content\/uploads\/2024\/03\/ODS-17-650x650.png 650w, https:\/\/fhdesignstudio.com\/sites\/wp-content\/uploads\/2024\/03\/ODS-17-1300x1300.png 1300w\" sizes=\"(max-width: 1500px) 100vw, 1500px\" \/>\t<\/div>\n\t\t<\/div>\n\t<\/div>\n<\/div>\n\t\t\t<\/div>\n\t\t<\/div>\n\t\t\t\t<\/div>\n\t\t\t\t\t<\/div>\n\t\t<\/div>\n\t\t\t\t\t<\/div>\n\t\t<\/section>\n\t\t\t\t<\/div>\n\t\t","protected":false},"excerpt":{"rendered":"<p>ODS Estamos decididos a potenciar nuestro crecimiento desde la sustentabilidad y a contribuir a los Objetivos de Desarrollo Sostenible (ODS) de las Naciones Unidas teniendo en cuenta las necesidades y expectativas de nuestros grupos de inter\u00e9s. ODS ODS 8 ODS 9 ODS 10 ODS 13 ODS 17 Trabajo decente y crecimiento econ\u00f3mico Promover el crecimiento [&hellip;]<\/p>\n","protected":false},"author":1,"featured_media":0,"parent":0,"menu_order":0,"comment_status":"closed","ping_status":"closed","template":"page-full-width.php","meta":{"footnotes":""},"class_list":["post-11239","page","type-page","status-publish","hentry"],"_links":{"self":[{"href":"https:\/\/fhdesignstudio.com\/sites\/wp-json\/wp\/v2\/pages\/11239","targetHints":{"allow":["GET"]}}],"collection":[{"href":"https:\/\/fhdesignstudio.com\/sites\/wp-json\/wp\/v2\/pages"}],"about":[{"href":"https:\/\/fhdesignstudio.com\/sites\/wp-json\/wp\/v2\/types\/page"}],"author":[{"embeddable":true,"href":"https:\/\/fhdesignstudio.com\/sites\/wp-json\/wp\/v2\/users\/1"}],"replies":[{"embeddable":true,"href":"https:\/\/fhdesignstudio.com\/sites\/wp-json\/wp\/v2\/comments?post=11239"}],"version-history":[{"count":10,"href":"https:\/\/fhdesignstudio.com\/sites\/wp-json\/wp\/v2\/pages\/11239\/revisions"}],"predecessor-version":[{"id":11702,"href":"https:\/\/fhdesignstudio.com\/sites\/wp-json\/wp\/v2\/pages\/11239\/revisions\/11702"}],"wp:attachment":[{"href":"https:\/\/fhdesignstudio.com\/sites\/wp-json\/wp\/v2\/media?parent=11239"}],"curies":[{"name":"wp","href":"https:\/\/api.w.org\/{rel}","templated":true}]}}